{"id":40353,"date":"2025-10-26T01:11:09","date_gmt":"2025-10-26T01:11:09","guid":{"rendered":"https:\/\/diegoaverac.com\/?page_id=40353"},"modified":"2026-01-10T01:57:55","modified_gmt":"2026-01-10T01:57:55","slug":"lectura-del-aura","status":"publish","type":"page","link":"https:\/\/diegoaverac.com\/index.php\/lectura-del-aura\/","title":{"rendered":"Lectura del Aura"},"content":{"rendered":"\t\t<div data-elementor-type=\"wp-page\" data-elementor-id=\"40353\" class=\"elementor elementor-40353\">\n\t\t\t\t\t\t<section class=\"elementor-section elementor-top-section elementor-element elementor-element-ea6388a elementor-section-boxed elementor-section-height-default elementor-section-height-default wpr-particle-no wpr-jarallax-no wpr-parallax-no wpr-sticky-section-no elementor-invisible\" data-id=\"ea6388a\" data-element_type=\"section\" data-e-type=\"section\" data-settings=\"{&quot;animation&quot;:&quot;fadeInUp&quot;}\">\n\t\t\t\t\t\t<div class=\"elementor-container elementor-column-gap-default\">\n\t\t\t\t\t<div class=\"elementor-column elementor-col-100 elementor-top-column elementor-element elementor-element-38f69fd\" data-id=\"38f69fd\" data-element_type=\"column\" data-e-type=\"column\">\n\t\t\t<div class=\"elementor-widget-wrap elementor-element-populated\">\n\t\t\t\t\t\t<div class=\"elementor-element elementor-element-cb6e704 elementor-widget elementor-widget-heading\" data-id=\"cb6e704\" data-element_type=\"widget\" data-e-type=\"widget\" data-widget_type=\"heading.default\">\n\t\t\t\t<div class=\"elementor-widget-container\">\n\t\t\t\t\t<h2 class=\"elementor-heading-title elementor-size-default\">Lectura del Aura<\/h2>\t\t\t\t<\/div>\n\t\t\t\t<\/div>\n\t\t\t\t<div class=\"elementor-element elementor-element-fce2c3b elementor-widget elementor-widget-elementskit-heading\" data-id=\"fce2c3b\" data-element_type=\"widget\" data-e-type=\"widget\" data-widget_type=\"elementskit-heading.default\">\n\t\t\t\t<div class=\"elementor-widget-container\">\n\t\t\t\t\t<div class=\"ekit-wid-con\" ><div class=\"ekit-heading elementskit-section-title-wraper text_center   ekit_heading_tablet-   ekit_heading_mobile-\"><div class=\"ekit_heading_separetor_wraper ekit_heading_ekit_border_custom\"><div class=\"ekit_border_custom\"><img decoding=\"async\" width=\"169\" height=\"20\" src=\"https:\/\/diegoaverac.com\/wp-content\/uploads\/2025\/01\/bs-banner-t-icon.png\" class=\"attachment-large size-large wp-image-38992\" alt=\"\" \/><\/div><\/div><\/div><\/div>\t\t\t\t<\/div>\n\t\t\t\t<\/div>\n\t\t\t\t\t<\/div>\n\t\t<\/div>\n\t\t\t\t\t<\/div>\n\t\t<\/section>\n\t\t\t\t<section class=\"elementor-section elementor-top-section elementor-element elementor-element-0e6a596 elementor-section-boxed elementor-section-height-default elementor-section-height-default wpr-particle-no wpr-jarallax-no wpr-parallax-no wpr-sticky-section-no elementor-invisible\" data-id=\"0e6a596\" data-element_type=\"section\" data-e-type=\"section\" data-settings=\"{&quot;animation&quot;:&quot;fadeInUp&quot;}\">\n\t\t\t\t\t\t<div class=\"elementor-container elementor-column-gap-default\">\n\t\t\t\t\t<div class=\"elementor-column elementor-col-50 elementor-top-column elementor-element elementor-element-fff743b\" data-id=\"fff743b\" data-element_type=\"column\" data-e-type=\"column\">\n\t\t\t<div class=\"elementor-widget-wrap elementor-element-populated\">\n\t\t\t\t\t\t<div class=\"elementor-element elementor-element-1dbac7d elementor-align-center elementor-widget elementor-widget-button\" data-id=\"1dbac7d\" data-element_type=\"widget\" data-e-type=\"widget\" data-widget_type=\"button.default\">\n\t\t\t\t<div class=\"elementor-widget-container\">\n\t\t\t\t\t\t\t\t\t<div class=\"elementor-button-wrapper\">\n\t\t\t\t\t<a class=\"elementor-button elementor-button-link elementor-size-sm\" href=\"https:\/\/diegoaverac.com\/index.php\/inicio\/\">\n\t\t\t\t\t\t<span class=\"elementor-button-content-wrapper\">\n\t\t\t\t\t\t\t\t\t<span class=\"elementor-button-text\">Volver a inicio<\/span>\n\t\t\t\t\t<\/span>\n\t\t\t\t\t<\/a>\n\t\t\t\t<\/div>\n\t\t\t\t\t\t\t\t<\/div>\n\t\t\t\t<\/div>\n\t\t\t\t\t<\/div>\n\t\t<\/div>\n\t\t\t\t<div class=\"elementor-column elementor-col-50 elementor-top-column elementor-element elementor-element-93c5fae\" data-id=\"93c5fae\" data-element_type=\"column\" data-e-type=\"column\">\n\t\t\t<div class=\"elementor-widget-wrap elementor-element-populated\">\n\t\t\t\t\t\t<div class=\"elementor-element elementor-element-1fd2a72 elementor-align-center elementor-widget elementor-widget-button\" data-id=\"1fd2a72\" data-element_type=\"widget\" data-e-type=\"widget\" data-widget_type=\"button.default\">\n\t\t\t\t<div class=\"elementor-widget-container\">\n\t\t\t\t\t\t\t\t\t<div class=\"elementor-button-wrapper\">\n\t\t\t\t\t<a class=\"elementor-button elementor-button-link elementor-size-sm\" href=\"https:\/\/diegoaverac.com\/index.php\/contactanos\/\">\n\t\t\t\t\t\t<span class=\"elementor-button-content-wrapper\">\n\t\t\t\t\t\t\t\t\t<span class=\"elementor-button-text\">Separa tu cita<\/span>\n\t\t\t\t\t<\/span>\n\t\t\t\t\t<\/a>\n\t\t\t\t<\/div>\n\t\t\t\t\t\t\t\t<\/div>\n\t\t\t\t<\/div>\n\t\t\t\t\t<\/div>\n\t\t<\/div>\n\t\t\t\t\t<\/div>\n\t\t<\/section>\n\t\t\t\t<section class=\"elementor-section elementor-top-section elementor-element elementor-element-7351e8b elementor-section-boxed elementor-section-height-default elementor-section-height-default wpr-particle-no wpr-jarallax-no wpr-parallax-no wpr-sticky-section-no\" data-id=\"7351e8b\" data-element_type=\"section\" data-e-type=\"section\" data-settings=\"{&quot;background_background&quot;:&quot;classic&quot;}\">\n\t\t\t\t\t\t<div class=\"elementor-container elementor-column-gap-default\">\n\t\t\t\t\t<div class=\"elementor-column elementor-col-50 elementor-top-column elementor-element elementor-element-635a1d1\" data-id=\"635a1d1\" data-element_type=\"column\" data-e-type=\"column\" data-settings=\"{&quot;background_background&quot;:&quot;classic&quot;}\">\n\t\t\t<div class=\"elementor-widget-wrap elementor-element-populated\">\n\t\t\t\t\t\t<div class=\"elementor-element elementor-element-d3a4a78 elementor-invisible elementor-widget elementor-widget-image\" data-id=\"d3a4a78\" data-element_type=\"widget\" data-e-type=\"widget\" data-settings=\"{&quot;_animation&quot;:&quot;fadeInUp&quot;}\" data-widget_type=\"image.default\">\n\t\t\t\t<div class=\"elementor-widget-container\">\n\t\t\t\t\t\t\t\t\t\t\t\t\t\t\t<img fetchpriority=\"high\" decoding=\"async\" width=\"796\" height=\"1024\" src=\"https:\/\/diegoaverac.com\/wp-content\/uploads\/2026\/01\/Gemini_Generated_Image_26bjkm26bjkm26bj-796x1024.png\" class=\"attachment-large size-large wp-image-40658\" alt=\"\" srcset=\"https:\/\/diegoaverac.com\/wp-content\/uploads\/2026\/01\/Gemini_Generated_Image_26bjkm26bjkm26bj-796x1024.png 796w, https:\/\/diegoaverac.com\/wp-content\/uploads\/2026\/01\/Gemini_Generated_Image_26bjkm26bjkm26bj-233x300.png 233w, https:\/\/diegoaverac.com\/wp-content\/uploads\/2026\/01\/Gemini_Generated_Image_26bjkm26bjkm26bj-768x987.png 768w, https:\/\/diegoaverac.com\/wp-content\/uploads\/2026\/01\/Gemini_Generated_Image_26bjkm26bjkm26bj-600x771.png 600w, https:\/\/diegoaverac.com\/wp-content\/uploads\/2026\/01\/Gemini_Generated_Image_26bjkm26bjkm26bj.png 896w\" sizes=\"(max-width: 796px) 100vw, 796px\" \/>\t\t\t\t\t\t\t\t\t\t\t\t\t\t\t<\/div>\n\t\t\t\t<\/div>\n\t\t\t\t\t<\/div>\n\t\t<\/div>\n\t\t\t\t<div class=\"elementor-column elementor-col-50 elementor-top-column elementor-element elementor-element-40fe63b\" data-id=\"40fe63b\" data-element_type=\"column\" data-e-type=\"column\" data-settings=\"{&quot;background_background&quot;:&quot;classic&quot;}\">\n\t\t\t<div class=\"elementor-widget-wrap elementor-element-populated\">\n\t\t\t\t\t\t<div class=\"elementor-element elementor-element-16d3dff elementor-invisible elementor-widget elementor-widget-heading\" data-id=\"16d3dff\" data-element_type=\"widget\" data-e-type=\"widget\" data-settings=\"{&quot;_animation&quot;:&quot;fadeInUp&quot;}\" data-widget_type=\"heading.default\">\n\t\t\t\t<div class=\"elementor-widget-container\">\n\t\t\t\t\t<h3 class=\"elementor-heading-title elementor-size-default\">\u00bfEn qu\u00e9 consiste? <\/h3>\t\t\t\t<\/div>\n\t\t\t\t<\/div>\n\t\t\t\t<div class=\"elementor-element elementor-element-3bfde23 elementor-invisible elementor-widget elementor-widget-text-editor\" data-id=\"3bfde23\" data-element_type=\"widget\" data-e-type=\"widget\" data-settings=\"{&quot;_animation&quot;:&quot;fadeInUp&quot;}\" data-widget_type=\"text-editor.default\">\n\t\t\t\t<div class=\"elementor-widget-container\">\n\t\t\t\t\t\t\t\t\t<p data-start=\"108\" data-end=\"881\">La terapia de lectura del aura es una pr\u00e1ctica a distancia que consiste en interpretar el campo electromagn\u00e9tico que rodea a las persona, conocido como aura, para identificar bloqueos, desequilibrios y patrones energ\u00e9ticos que pueden afectar la salud f\u00edsica, emocional y espiritual. Revela informaci\u00f3n valiosa para el bienestar y sanaci\u00f3n del consultante.<\/p>\t\t\t\t\t\t\t\t<\/div>\n\t\t\t\t<\/div>\n\t\t\t\t\t<\/div>\n\t\t<\/div>\n\t\t\t\t\t<\/div>\n\t\t<\/section>\n\t\t\t\t<section class=\"elementor-section elementor-top-section elementor-element elementor-element-716ff22 elementor-section-boxed elementor-section-height-default elementor-section-height-default wpr-particle-no wpr-jarallax-no wpr-parallax-no wpr-sticky-section-no elementor-invisible\" data-id=\"716ff22\" data-element_type=\"section\" data-e-type=\"section\" data-settings=\"{&quot;animation&quot;:&quot;fadeInUp&quot;}\">\n\t\t\t\t\t\t<div class=\"elementor-container elementor-column-gap-default\">\n\t\t\t\t\t<div class=\"elementor-column elementor-col-100 elementor-top-column elementor-element elementor-element-e085fa2\" data-id=\"e085fa2\" data-element_type=\"column\" data-e-type=\"column\">\n\t\t\t<div class=\"elementor-widget-wrap elementor-element-populated\">\n\t\t\t\t\t\t<div class=\"elementor-element elementor-element-977d3e0 elementor-shape-rounded elementor-grid-0 e-grid-align-center elementor-widget elementor-widget-social-icons\" data-id=\"977d3e0\" data-element_type=\"widget\" data-e-type=\"widget\" data-widget_type=\"social-icons.default\">\n\t\t\t\t<div class=\"elementor-widget-container\">\n\t\t\t\t\t\t\t<div class=\"elementor-social-icons-wrapper elementor-grid\" role=\"list\">\n\t\t\t\t\t\t\t<span class=\"elementor-grid-item\" role=\"listitem\">\n\t\t\t\t\t<a class=\"elementor-icon elementor-social-icon elementor-social-icon-facebook elementor-repeater-item-967923c\" href=\"https:\/\/www.facebook.com\/jessicapicassoterapeuta?mibextid=ZbWKwL\" target=\"_blank\">\n\t\t\t\t\t\t<span class=\"elementor-screen-only\">Facebook<\/span>\n\t\t\t\t\t\t<i aria-hidden=\"true\" class=\"fab fa-facebook\"><\/i>\t\t\t\t\t<\/a>\n\t\t\t\t<\/span>\n\t\t\t\t\t\t\t<span class=\"elementor-grid-item\" role=\"listitem\">\n\t\t\t\t\t<a class=\"elementor-icon elementor-social-icon elementor-social-icon-instagram elementor-repeater-item-605b992\" href=\"https:\/\/www.instagram.com\/jessicapicassoterapeuta\/\" target=\"_blank\">\n\t\t\t\t\t\t<span class=\"elementor-screen-only\">Instagram<\/span>\n\t\t\t\t\t\t<i aria-hidden=\"true\" class=\"fab fa-instagram\"><\/i>\t\t\t\t\t<\/a>\n\t\t\t\t<\/span>\n\t\t\t\t\t<\/div>\n\t\t\t\t\t\t<\/div>\n\t\t\t\t<\/div>\n\t\t\t\t\t<\/div>\n\t\t<\/div>\n\t\t\t\t\t<\/div>\n\t\t<\/section>\n\t\t\t\t<\/div>\n\t\t","protected":false},"excerpt":{"rendered":"<p>Lectura del Aura Volver a inicio Separa tu cita \u00bfEn qu\u00e9 consiste? La terapia de lectura del aura es una pr\u00e1ctica a distancia que consiste en interpretar el campo electromagn\u00e9tico que rodea a las persona, conocido como aura, para identificar bloqueos, desequilibrios y patrones energ\u00e9ticos que pueden afectar la salud f\u00edsica, emocional y espiritual. Revela informaci\u00f3n valiosa para el bienestar y sanaci\u00f3n del consultante. Facebook Instagram<\/p>\n","protected":false},"author":1,"featured_media":0,"parent":0,"menu_order":0,"comment_status":"closed","ping_status":"closed","template":"","meta":{"om_disable_all_campaigns":false,"_monsterinsights_skip_tracking":false,"_monsterinsights_sitenote_active":false,"_monsterinsights_sitenote_note":"","_monsterinsights_sitenote_category":0,"site-sidebar-layout":"no-sidebar","site-content-layout":"page-builder","ast-site-content-layout":"full-width-container","site-content-style":"default","site-sidebar-style":"default","ast-global-header-display":"","ast-banner-title-visibility":"","ast-main-header-display":"","ast-hfb-above-header-display":"","ast-hfb-below-header-display":"","ast-hfb-mobile-header-display":"","site-post-title":"disabled","ast-breadcrumbs-content":"","ast-featured-img":"disabled","footer-sml-layout":"","theme-transparent-header-meta":"","adv-header-id-meta":"","stick-header-meta":"","header-above-stick-meta":"","header-main-stick-meta":"","header-below-stick-meta":"","astra-migrate-meta-layouts":"set","ast-page-background-enabled":"default","ast-page-background-meta":{"desktop":{"background-color":"","background-image":"","background-repeat":"repeat","background-position":"center center","background-size":"auto","background-attachment":"scroll","background-type":"","background-media":"","overlay-type":"","overlay-color":"","overlay-opacity":"","overlay-gradient":""},"tablet":{"background-color":"","background-image":"","background-repeat":"repeat","background-position":"center center","background-size":"auto","background-attachment":"scroll","background-type":"","background-media":"","overlay-type":"","overlay-color":"","overlay-opacity":"","overlay-gradient":""},"mobile":{"background-color":"","background-image":"","background-repeat":"repeat","background-position":"center center","background-size":"auto","background-attachment":"scroll","background-type":"","background-media":"","overlay-type":"","overlay-color":"","overlay-opacity":"","overlay-gradient":""}},"ast-content-background-meta":{"desktop":{"background-color":"var(--ast-global-color-5)","background-image":"","background-repeat":"repeat","background-position":"center center","background-size":"auto","background-attachment":"scroll","background-type":"","background-media":"","overlay-type":"","overlay-color":"","overlay-opacity":"","overlay-gradient":""},"tablet":{"background-color":"var(--ast-global-color-5)","background-image":"","background-repeat":"repeat","background-position":"center center","background-size":"auto","background-attachment":"scroll","background-type":"","background-media":"","overlay-type":"","overlay-color":"","overlay-opacity":"","overlay-gradient":""},"mobile":{"background-color":"var(--ast-global-color-5)","background-image":"","background-repeat":"repeat","background-position":"center center","background-size":"auto","background-attachment":"scroll","background-type":"","background-media":"","overlay-type":"","overlay-color":"","overlay-opacity":"","overlay-gradient":""}},"footnotes":""},"class_list":["post-40353","page","type-page","status-publish","hentry"],"aioseo_notices":[],"yoast_head":"<!-- This site is optimized with the Yoast SEO plugin v27.0 - https:\/\/yoast.com\/product\/yoast-seo-wordpress\/ -->\n<title>Lectura del Aura - diegoaverac.com<\/title>\n<meta name=\"robots\" content=\"index, follow, max-snippet:-1, max-image-preview:large, max-video-preview:-1\" \/>\n<link rel=\"canonical\" href=\"https:\/\/diegoaverac.com\/index.php\/lectura-del-aura\/\" \/>\n<meta property=\"og:locale\" content=\"en_US\" \/>\n<meta property=\"og:type\" content=\"article\" \/>\n<meta property=\"og:title\" content=\"Lectura del Aura - diegoaverac.com\" \/>\n<meta property=\"og:description\" content=\"Lectura del Aura Volver a inicio Separa tu cita \u00bfEn qu\u00e9 consiste? La terapia de lectura del aura es una pr\u00e1ctica a distancia que consiste en interpretar el campo electromagn\u00e9tico que rodea a las persona, conocido como aura, para identificar bloqueos, desequilibrios y patrones energ\u00e9ticos que pueden afectar la salud f\u00edsica, emocional y espiritual. Revela informaci\u00f3n valiosa para el bienestar y sanaci\u00f3n del consultante. Facebook Instagram\" \/>\n<meta property=\"og:url\" content=\"https:\/\/diegoaverac.com\/index.php\/lectura-del-aura\/\" \/>\n<meta property=\"og:site_name\" content=\"diegoaverac.com\" \/>\n<meta property=\"article:modified_time\" content=\"2026-01-10T01:57:55+00:00\" \/>\n<meta property=\"og:image\" content=\"http:\/\/diegoaverac.com\/wp-content\/uploads\/2025\/01\/bs-banner-t-icon.png\" \/>\n<meta name=\"twitter:card\" content=\"summary_large_image\" \/>\n<meta name=\"twitter:label1\" content=\"Est. reading time\" \/>\n\t<meta name=\"twitter:data1\" content=\"1 minute\" \/>\n<script type=\"application\/ld+json\" class=\"yoast-schema-graph\">{\"@context\":\"https:\/\/schema.org\",\"@graph\":[{\"@type\":\"WebPage\",\"@id\":\"https:\/\/diegoaverac.com\/index.php\/lectura-del-aura\/\",\"url\":\"https:\/\/diegoaverac.com\/index.php\/lectura-del-aura\/\",\"name\":\"Lectura del Aura - diegoaverac.com\",\"isPartOf\":{\"@id\":\"https:\/\/diegoaverac.com\/#website\"},\"primaryImageOfPage\":{\"@id\":\"https:\/\/diegoaverac.com\/index.php\/lectura-del-aura\/#primaryimage\"},\"image\":{\"@id\":\"https:\/\/diegoaverac.com\/index.php\/lectura-del-aura\/#primaryimage\"},\"thumbnailUrl\":\"http:\/\/diegoaverac.com\/wp-content\/uploads\/2025\/01\/bs-banner-t-icon.png\",\"datePublished\":\"2025-10-26T01:11:09+00:00\",\"dateModified\":\"2026-01-10T01:57:55+00:00\",\"breadcrumb\":{\"@id\":\"https:\/\/diegoaverac.com\/index.php\/lectura-del-aura\/#breadcrumb\"},\"inLanguage\":\"en-US\",\"potentialAction\":[{\"@type\":\"ReadAction\",\"target\":[\"https:\/\/diegoaverac.com\/index.php\/lectura-del-aura\/\"]}]},{\"@type\":\"ImageObject\",\"inLanguage\":\"en-US\",\"@id\":\"https:\/\/diegoaverac.com\/index.php\/lectura-del-aura\/#primaryimage\",\"url\":\"https:\/\/diegoaverac.com\/wp-content\/uploads\/2025\/01\/bs-banner-t-icon.png\",\"contentUrl\":\"https:\/\/diegoaverac.com\/wp-content\/uploads\/2025\/01\/bs-banner-t-icon.png\",\"width\":169,\"height\":20},{\"@type\":\"BreadcrumbList\",\"@id\":\"https:\/\/diegoaverac.com\/index.php\/lectura-del-aura\/#breadcrumb\",\"itemListElement\":[{\"@type\":\"ListItem\",\"position\":1,\"name\":\"Home\",\"item\":\"https:\/\/diegoaverac.com\/\"},{\"@type\":\"ListItem\",\"position\":2,\"name\":\"Lectura del Aura\"}]},{\"@type\":\"WebSite\",\"@id\":\"https:\/\/diegoaverac.com\/#website\",\"url\":\"https:\/\/diegoaverac.com\/\",\"name\":\"diegoaverac.com\",\"description\":\"Just another WordPress site\",\"publisher\":{\"@id\":\"https:\/\/diegoaverac.com\/#organization\"},\"potentialAction\":[{\"@type\":\"SearchAction\",\"target\":{\"@type\":\"EntryPoint\",\"urlTemplate\":\"https:\/\/diegoaverac.com\/?s={search_term_string}\"},\"query-input\":{\"@type\":\"PropertyValueSpecification\",\"valueRequired\":true,\"valueName\":\"search_term_string\"}}],\"inLanguage\":\"en-US\"},{\"@type\":\"Organization\",\"@id\":\"https:\/\/diegoaverac.com\/#organization\",\"name\":\"diegoaverac.com\",\"url\":\"https:\/\/diegoaverac.com\/\",\"logo\":{\"@type\":\"ImageObject\",\"inLanguage\":\"en-US\",\"@id\":\"https:\/\/diegoaverac.com\/#\/schema\/logo\/image\/\",\"url\":\"https:\/\/diegoaverac.com\/wp-content\/uploads\/2018\/12\/favicon-free-img.png\",\"contentUrl\":\"https:\/\/diegoaverac.com\/wp-content\/uploads\/2018\/12\/favicon-free-img.png\",\"width\":200,\"height\":200,\"caption\":\"diegoaverac.com\"},\"image\":{\"@id\":\"https:\/\/diegoaverac.com\/#\/schema\/logo\/image\/\"}}]}<\/script>\n<!-- \/ Yoast SEO plugin. -->","yoast_head_json":{"title":"Lectura del Aura - diegoaverac.com","robots":{"index":"index","follow":"follow","max-snippet":"max-snippet:-1","max-image-preview":"max-image-preview:large","max-video-preview":"max-video-preview:-1"},"canonical":"https:\/\/diegoaverac.com\/index.php\/lectura-del-aura\/","og_locale":"en_US","og_type":"article","og_title":"Lectura del Aura - diegoaverac.com","og_description":"Lectura del Aura Volver a inicio Separa tu cita \u00bfEn qu\u00e9 consiste? La terapia de lectura del aura es una pr\u00e1ctica a distancia que consiste en interpretar el campo electromagn\u00e9tico que rodea a las persona, conocido como aura, para identificar bloqueos, desequilibrios y patrones energ\u00e9ticos que pueden afectar la salud f\u00edsica, emocional y espiritual. Revela informaci\u00f3n valiosa para el bienestar y sanaci\u00f3n del consultante. Facebook Instagram","og_url":"https:\/\/diegoaverac.com\/index.php\/lectura-del-aura\/","og_site_name":"diegoaverac.com","article_modified_time":"2026-01-10T01:57:55+00:00","og_image":[{"url":"http:\/\/diegoaverac.com\/wp-content\/uploads\/2025\/01\/bs-banner-t-icon.png","type":"","width":"","height":""}],"twitter_card":"summary_large_image","twitter_misc":{"Est. reading time":"1 minute"},"schema":{"@context":"https:\/\/schema.org","@graph":[{"@type":"WebPage","@id":"https:\/\/diegoaverac.com\/index.php\/lectura-del-aura\/","url":"https:\/\/diegoaverac.com\/index.php\/lectura-del-aura\/","name":"Lectura del Aura - diegoaverac.com","isPartOf":{"@id":"https:\/\/diegoaverac.com\/#website"},"primaryImageOfPage":{"@id":"https:\/\/diegoaverac.com\/index.php\/lectura-del-aura\/#primaryimage"},"image":{"@id":"https:\/\/diegoaverac.com\/index.php\/lectura-del-aura\/#primaryimage"},"thumbnailUrl":"http:\/\/diegoaverac.com\/wp-content\/uploads\/2025\/01\/bs-banner-t-icon.png","datePublished":"2025-10-26T01:11:09+00:00","dateModified":"2026-01-10T01:57:55+00:00","breadcrumb":{"@id":"https:\/\/diegoaverac.com\/index.php\/lectura-del-aura\/#breadcrumb"},"inLanguage":"en-US","potentialAction":[{"@type":"ReadAction","target":["https:\/\/diegoaverac.com\/index.php\/lectura-del-aura\/"]}]},{"@type":"ImageObject","inLanguage":"en-US","@id":"https:\/\/diegoaverac.com\/index.php\/lectura-del-aura\/#primaryimage","url":"https:\/\/diegoaverac.com\/wp-content\/uploads\/2025\/01\/bs-banner-t-icon.png","contentUrl":"https:\/\/diegoaverac.com\/wp-content\/uploads\/2025\/01\/bs-banner-t-icon.png","width":169,"height":20},{"@type":"BreadcrumbList","@id":"https:\/\/diegoaverac.com\/index.php\/lectura-del-aura\/#breadcrumb","itemListElement":[{"@type":"ListItem","position":1,"name":"Home","item":"https:\/\/diegoaverac.com\/"},{"@type":"ListItem","position":2,"name":"Lectura del Aura"}]},{"@type":"WebSite","@id":"https:\/\/diegoaverac.com\/#website","url":"https:\/\/diegoaverac.com\/","name":"diegoaverac.com","description":"Just another WordPress site","publisher":{"@id":"https:\/\/diegoaverac.com\/#organization"},"potentialAction":[{"@type":"SearchAction","target":{"@type":"EntryPoint","urlTemplate":"https:\/\/diegoaverac.com\/?s={search_term_string}"},"query-input":{"@type":"PropertyValueSpecification","valueRequired":true,"valueName":"search_term_string"}}],"inLanguage":"en-US"},{"@type":"Organization","@id":"https:\/\/diegoaverac.com\/#organization","name":"diegoaverac.com","url":"https:\/\/diegoaverac.com\/","logo":{"@type":"ImageObject","inLanguage":"en-US","@id":"https:\/\/diegoaverac.com\/#\/schema\/logo\/image\/","url":"https:\/\/diegoaverac.com\/wp-content\/uploads\/2018\/12\/favicon-free-img.png","contentUrl":"https:\/\/diegoaverac.com\/wp-content\/uploads\/2018\/12\/favicon-free-img.png","width":200,"height":200,"caption":"diegoaverac.com"},"image":{"@id":"https:\/\/diegoaverac.com\/#\/schema\/logo\/image\/"}}]}},"_links":{"self":[{"href":"https:\/\/diegoaverac.com\/index.php\/wp-json\/wp\/v2\/pages\/40353","targetHints":{"allow":["GET"]}}],"collection":[{"href":"https:\/\/diegoaverac.com\/index.php\/wp-json\/wp\/v2\/pages"}],"about":[{"href":"https:\/\/diegoaverac.com\/index.php\/wp-json\/wp\/v2\/types\/page"}],"author":[{"embeddable":true,"href":"https:\/\/diegoaverac.com\/index.php\/wp-json\/wp\/v2\/users\/1"}],"replies":[{"embeddable":true,"href":"https:\/\/diegoaverac.com\/index.php\/wp-json\/wp\/v2\/comments?post=40353"}],"version-history":[{"count":27,"href":"https:\/\/diegoaverac.com\/index.php\/wp-json\/wp\/v2\/pages\/40353\/revisions"}],"predecessor-version":[{"id":40674,"href":"https:\/\/diegoaverac.com\/index.php\/wp-json\/wp\/v2\/pages\/40353\/revisions\/40674"}],"wp:attachment":[{"href":"https:\/\/diegoaverac.com\/index.php\/wp-json\/wp\/v2\/media?parent=40353"}],"curies":[{"name":"wp","href":"https:\/\/api.w.org\/{rel}","templated":true}]}}